e second derivative of -1/2*v**4 + 5/3*v**3 - 3/2*v**2 + 0 + v. Let x(o) = 4*h(o) + 5*j(o). Determine x(5).
3
Suppose 0 = -5*h + 3*h + 6. Let v(d) = -d**3 - 2*d**2 - d. Let m be v(-1). Let k = h + m. Let n(w) = -w**2 + w. What is n(k)?
-6
Let o(a) = a**3 + 2*a + 1. Let c be (1 - (-1)/4) + (-39)/(-52). Give o(c).
13
Let x(p) = 6*p**2 + 2*p - 3. Let g be x(1). Suppose 0*j = 3*j - 6. Suppose -2*l = 3*o - o + j, l + 5 = -g*o. Let d(q) = q**2 - 3. Calculate d(l).
-3
Let k(h) = -3*h**3 - 11*h**2 + 14*h + 9. Let v(c) = -c**3 - 4*c**2 + 5*c + 3. Let f(i) = -3*k(i) + 8*v(i). Calculate f(-2).
-3
Let k(a) = 2*a - 3*a + 2*a - 5 + 2*a. Give k(6).
13
Let m(u) be the third derivative of u**5/120 + u**4/24 + u**3 + u**2. Let a(j) be the first derivative of m(j). What is a(0)?
1
Let g = 1 - 3. Let c(r) = -2*r**3 - 2*r**2 - r - 2. What is c(g)?
8
Let w = 5 + -2. Let t(f) = w*f**3 - 6*f**3 + 2*f**2 + 2*f**3 - 3*f. Suppose 3*o = -3*c + 3, 0 = -4*c - 3 - 1. Calculate t(o).
-6
Let l(t) = -4*t**3 + 0 + 2*t**3 + 7*t**2 - 6*t + t**3 + 4. Give l(6).
4
Let t be ((-2)/6)/(6/(-90)). Let d(h) = -8*h**2 + 4*h + 7*h**2 + 1 - 2. What is d(t)?
-6
Let f = -4 + -1. Let m(h) = h**2 - 2. Let k be m(2). Let t(o) = 0 + 5 + 1 + k*o. Give t(f).
-4
Suppose 8*p - 3*p = 0. Let t(n) = 0*n + n + p*n + 7. Calculate t(-4).
3
Let j(h) = -h**2 - 3*h. Let n be ((-27)/18)/(3/8). Give j(n).
-4
Suppose -3*m = -m + 12. Let t = m + 3. Let v(o) = -2*o + 3 - 4 - 2. Determine v(t).
3
Let p(k) = 0*k**2 - 2 + 5*k - k + k**2. Let f be 8/(-12)*45/(-6). Let o(n) = -n**3 + 5*n**2 - 4. Let c be o(f). Give p(c).
-2
Let j(k) = -5*k**3 + 4*k**2 + 7. Let c(l) = 11*l**3 - 8*l**2 - l - 14. Let w(y) = 6*c(y) + 13*j(y). Calculate w(-5).
12
Let d(v) = -v**2 + 10*v. Let m be d(10). Suppose 0 = -3*y + 5*l - 50, m = -4*y - l - l - 58. Let n be 81/y + 2/5. Let c(x) = -x**2 - 7*x - 5. What is c(n)?
5
Suppose -7*f = -6*f. Let s(v) be the third derivative of 1/6*v**4 + 0*v**3 + 0*v + 4*v**2 - 1/60*v**5 + f. What is s(5)?
-5
Let i(w) = 2*w**3 - 3*w**2 - 3*w - 1. Let a(j) = -3*j**3 + 3*j**2 + 4*j + 1. Let r(s) = -3*a(s) - 4*i(s). Calculate r(-3).
1
Let c(r) = -11*r + 12*r + 3*r**2 + 2 - 6*r**2. Give c(2).
-8
Let g(b) = b**2 - 8 + 6*b + 2*b + b - 4*b. Determine g(-6).
-2
Let q = -1 - -1. Let o(j) = j + j - 9 - j + q. Calculate o(4).
-5
Let r(h) be the third derivative of h**7/5040 - h**6/360 + h**5/60 - 3*h**2. Let p(i) be the third derivative of r(i). What is p(-2)?
-4
Let v(i) = -i**2 + 6*i - 4. Suppose -4 = -6*t + 5*t. Determine v(t).
4
Let c be 16/20*(-10)/4. Let w(k) = k**3 - 3*k - 1. Calculate w(c).
-3
Suppose -4*l + 7 = 11. Let x(a) = -2 + 2 + a**2. Give x(l).
1
Let c(g) be the third derivative of g**5/60 + g**4/12 + g**3/6 - 2*g**2. Let o(m) be the first derivative of c(m). Give o(-5).
-8
Let s(a) = 0 + 2 + 5 - 1 + a. Give s(-6).
0
Let i(o) = o**3 + 3*o**2 - 3*o - 2. Suppose b - 22 = 2*m - 3*b, 2*b = -4*m - 14. Let a be m + (-1 - 2) + 6. Determine i(a).
8
Let z(o) = -o**3 - 5*o**2 - 5*o - 4. Let b be ((4/5)/1)/(3/(-15)). Determine z(b).
0
Let w(c) be the first derivative of -17*c**4/4 + c**3/3 - c**2 + c - 45. Determine w(1).
-17
Let n(u) = -u. Suppose -5*l - y = 14, -2*l - 6 + 1 = y. What is n(l)?
3
Let k(r) = r**3 - 6*r**2 + 7*r - 7. Let v be k(5). Let u(d) = -v - 3*d + 2*d - 2. Let i be (6/(-8))/(2/8). Calculate u(i).
-2
Let t(c) = -c**3 - 6*c**2 - 4*c + 1. Let b(m) = 2*m**3 + 13*m**2 + 9*m - 2. Let g(o) = 6*b(o) + 13*t(o). Suppose h + 2 = -0. Give g(h).
5
Suppose -8 = -2*z - 0*z - 2*k, -4*z + 5*k = 29. Let n(v) be the third derivative of -v**4/3 - v**3/6 - v**2 - 15. Determine n(z).
7
Suppose y = 5, 5*j + 6*y = y + 35. Let t(s) = -10*s. Calculate t(j).
-20
Let l be (-21)/15 - 6/(-15). Suppose 0 = -3*t + 2*z + z + 12, -8 = -5*t - z. Let p(f) = -1 - f**3 - f**2 - t*f**3 - f - 4*f**3. Give p(l).
6
Let f(z) = 2 + 3*z + 3 - 1 + 0. Determine f(-4).
-8
Let b(l) = -1 - l**3 + 4*l - 8*l**2 + 11*l**2 + 0. Determine b(3).
11
Let k be 0/((-2)/(-6)*3). Let m(j) = j - 13. Give m(k).
-13
Let c(l) = 6*l**3 + 8*l**2 + l + 2. Let v(u) = 5*u**3 + 7*u**2 + u + 3. Suppose -5*k + 5 = 0, 3*i = -3*k + 35 - 11. Let h(y) = i*v(y) - 6*c(y). Give h(0).
9
Let k = 13 - 13. Let x = k - 1. Let i(n) = -n**2 + n - 1. Let s(g) = -4*g**2 + 4*g - 3. Let l(q) = 7*i(q) - 2*s(q). What is l(x)?
1
Let a(w) = -3*w. Suppose 0 = j + 4*t, 7 = 3*j + 5*t - 0. Suppose 12 = 4*v - j. Determine a(v).
-12
Let s be ((-27)/18)/((-3)/4). Let z(f) be the first derivative of 1 - 3*f - 1/2*f**s. Give z(0).
-3
Let q be (-12)/(-9) + (-5)/15. Let y be ((-36)/(-24))/(q/(-2)). Let w(a) = -a**3 - 4*a**2 - 2*a - 2. Give w(y).
-5
Let z(g) = 0*g - g + 85 - 68. What is z(0)?
17
Let g(t) be the third derivative of t**4/8 + 2*t**3/3 - 37*t**2. Give g(-3).
-5
Let i(r) be the second derivative of -r**5/20 + r**4/2 - r**3/3 - 5*r**2/2 + r. Suppose 2 = s - 3. What is i(s)?
10
Let s(k) = 2*k - 17. Let c be s(11). Let p(r) = -2*r - r**3 + 5*r**2 - 5 + 4*r + 0. Determine p(c).
5
Let i(p) = 4*p + 5. Let g(w) = 3*w + 4. Let t(v) = -3*g(v) + 2*i(v). Suppose -26 = 3*c - 4*d, 0 = 3*c - 2*d + 22. Give t(c).
4
Let h(n) be the second derivative of -n**3 + 44*n. Determine h(-1).
6
Let x(t) be the first derivative of -3*t**2/2 - 1. Let g = 6 - 4. Suppose 4*d + 2 = -g. What is x(d)?
3
Let n(h) = -h**3 + 6*h**2 + 6*h + 8. Let l be n(7). Let m(i) = -19 + 8*i**2 + 45 - 25. Determine m(l).
9
Suppose -4 = n + 2*d, -3*d - 6 = 4*n - 0*d. Let w be 7 - n*2/6. Let p = -5 + w. Let h(v) = -v**2 - 3*v + 3. What is h(p)?
-7
Let l(k) = 3 + 0*k**2 - k**3 + k**2 + 2*k**2. Suppose 2*j + 3*y - 6 = 0, -2*y - 6 = -2*j + y. Let a be l(j). Let p(g) = -2*g**2 + 4*g - 1. Determine p(a).
-7
Let r(g) = -g. Let d be r(-3). Let i(v) = -1 + 3 + 5*v + 2*v**2 - 7*v - 3*v. Determine i(d).
5
Let p be 3/(6/8) - 1. Let s = p - -1. Let l(v) = v**2 + s*v**2 + 0*v**2. What is l(1)?
5
Let i(o) be the first derivative of 1/120*o**6 - 1/60*o**5 - 1/12*o**4 + 0*o**2 - 2 - 4/3*o**3 + 0*o. Let g(m) be the third derivative of i(m). Determine g(2).
6
Let s be ((-10)/(-15))/(4/18). Let t be (s/(-6))/((-1)/4). Let a(v) = -2*v**2 - 3*v**3 + t*v**3 - v**2 + 3. Give a(-3).
3
Let m(h) = 0 + 0 - h. Suppose -5*z + 3*z + 5*r = 8, 0 = -3*z - r + 22. Give m(z).
-6
Suppose -s + 4*j - 23 = 2*s, -4*s - 16 = 2*j. Let o(k) = k**3 + 7*k**2 + 9*k + 1. Let d be o(s). Let z(b) = b**3 - 6*b**2 + 3*b - 5. Give z(d).
13
Let x(i) be the third derivative of i**4/8 + i**3 + 19*i**2. Give x(-6).
-12
Let s be -9*2*(-1)/2. Let t(d) = s*d - 6 - d**2 - d + 0*d. Let l = 12 + -7. What is t(l)?
9
Let b(f) = -f**2 + 0*f + 0*f + 2*f**2 - 7*f + 7. Give b(5).
-3
Let o(i) be the first derivative of -i**4/4 - 2*i**3/3 - i**2 + 2*i + 14. Determine o(-3).
17
Let t(m) be the third derivative of m**5/120 + m**4/8 + m**3/2 + 3*m**2. Let s(n) be the first derivative of t(n). Let d be (-2)/(-8) - (-2)/(-8). Give s(d).
3
Suppose 4*x - 9 = 3*k, 3*x + 0 = -k - 3. Suppose -4*t + 4 = -x*t. Let g(b) be the second derivative of -b**5/20 + b**4/12 + b**2/2 + b. Determine g(t).
1
Let t = 6 - 5. Let q(y) be the first derivative of 11*y**2/2 + 1. Calculate q(t).
11
Let b = 0 + 1. Let w(z) = z - b + 0 + 0*z. Suppose 2*j = -5*r + 5*j - 3, r + 2*j - 2 = 0. Determine w(r).
-1
Let v(k) = -k + 2. Suppose 0*w + 5*u - 33 = -2*w, 4*u = 4. Let x = w - 9. Suppose 0 = 3*b + 5*q + 4, -5*b = x*q - 2 + 12. What is v(b)?
5
Suppose 6*l - 24 = 2*l. Let m(o) = -o**3 - 5*o**2 - 3*o + 4 + 2*o**3 - 8 - 4. Calculate m(l).
10
Let h(m) = 4*m - 1. Let a be h(-1). Let o(u) = -13*u + 5. Let k(i) = -3*i + 1. Let v(p) = -9*k(p) + 2*o(p). Determine v(a).
-4
Let n(h) = -3*h - 4*h + 2 + h + 5*h. Suppose 1 = 3*q + 4. Let k be (q*2)/(-2) - 0. Calculate n(k).
1
Let z be ((-1 - -1)*1)/1. Suppose 2*b - 2*v - 7 = 3, 3*v + 5 = -2*b. Let u(h) = h**2 + h**b + 5 - h**2. Calculate u(z).
5
Suppose -3*c = 3*c - 42. Let x(b) = -b + 10 - 1 + 1. Determine x(c).
3
Let s = -3 - -6. Suppose 0 = s*i + i + 12. Let v = i - 0. Let y(h) = 3*h + 4. Calculate y(v).
-5
Let v(b) = -b**2 + 10*b - 4. Let k be v(9). Let x(y) = -2*y**2 + y - k*y + 12*y - 9*y. Determine x(-2).
-6
Let b(j) = -j**3 + 7*j**2 - 10*j + 12. Let z be b(5). Let i = 1 - -1. Let q(w) = -z + 6*w - w**i + 12. Give q(6).
0
Let f be 16/(-6) - 4/(-6). Let r(u) = 12*u + 3. Give r(f).
-21
Suppose -h